at is the tens digit of v?
2
Suppose 0 = -7*w + 4*w + 12. What is the tens digit of w/(-3)*(-612)/8?
0
Let r = 519 - -7. What is the hundreds digit of r?
5
Suppose -2*x + 18 = 4*z, 4*z + 0*z = -x + 19. Let s be -2 + (2 - -1) - x. What is the units digit of 996/24 - s/4?
1
What is the hundreds digit of 1578 - ((8 - 13) + 1)?
5
Suppose 0 = 68*w - 53*w - 21030. What is the units digit of w?
2
Suppose -8*j = -6*j - 150. Suppose 39 = -3*v - j. Let f = v - -57. What is the tens digit of f?
1
Let c = -100 - -380. What is the units digit of c?
0
Suppose -1 - 5 = 2*a. Let i be a/((-244)/(-128) - 2). Suppose x = -17 + i. What is the units digit of x?
5
Let o(c) = c**2 - c + 1. Let i be o(-1). Suppose i*b - 535 = -2*b. What is the tens digit of b?
0
Let o(k) = k**3 - k + 1. Let q(b) = -b**3 + 23*b**2 + 52*b - 12. Let s(x) = -2*o(x) - q(x). What is the tens digit of s(-21)?
7
Let o = 146 - 63. Suppose 0 = -k + o - 10. What is the units digit of k?
3
Suppose i = 5*i + 40. Suppose 5*p - 94 = 3*a, -p - 74 = 3*a - 2*p. Let d = i - a. What is the units digit of d?
3
Let k(q) = 6*q**2 - q + 1. Let d be k(-2). Let o = 57 - d. What is the tens digit of (-40)/6*o/(-8)?
2
Let g be ((-9)/6 - 1)*-2. Suppose 2*v - 124 = -2*o, -o = -g*v - 3*o + 298. What is the tens digit of v?
5
Let h be (2 - 1)/((7/(-54))/(-7)). Suppose t = w - 27, -5*w - 5*t = -3*w - h. What is the tens digit of w?
2
Suppose -2*q = -2*y - 0*q + 20, -5*y + 54 = -4*q. Suppose -11*f + y + 140 = 0. What is the units digit of f?
4
Let m = 391 + -56. What is the hundreds digit of m?
3
Suppose -4*a + 1187 = -1937. What is the units digit of a?
1
Let k(z) = -z**3 + 13*z**2 + 12*z + 5. Let l be k(11). Suppose 2*b - l = -35. What is the tens digit of b?
7
Suppose 5*s = -131 - 269. What is the units digit of (-6)/(-5)*s/(-3)?
2
Let k = -89 + 56. Let x = 41 + k. What is the units digit of x?
8
Suppose 2*r - 2*q - 3846 = 0, 2*r - 3374 - 471 = 3*q. What is the thousands digit of r?
1
Suppose 263*p + 101950 = 288*p. What is the hundreds digit of p?
0
Suppose 3*r + 4*n - 1088 = 311, -462 = -r + 3*n. Suppose -r = 12*t - 17*t. What is the units digit of t?
3
Suppose -4*z + 12 = 4*a, -5 + 0 = 5*a. Suppose -5*i - 4*u + 30 = 0, 0 = 3*i + z*u - 22 - 4. Suppose 4 = i*o + 2. What is the units digit of o?
1
Let s = -344 + 458. What is the tens digit of s?
1
Let h(d) = -4*d - 1. Let m be h(-6). Let w(k) = -3*k**2 - 4*k + 4. Let t be w(-3). Let n = m + t. What is the tens digit of n?
1
Let m be ((-10)/(-4))/(14/4 - 3). Suppose -m*s + 27 - 143 = -w, -w = -2*s - 116. What is the hundreds digit of w?
1
Let c(g) = 77*g**2 - 6*g - 1. What is the tens digit of c(-1)?
8
Let x = 4636 + -2780. What is the thousands digit of x?
1
Suppose 5*j - 209 = 381. Suppose 2*y - j = -0*y. What is the tens digit of y?
5
Let f(k) = 12*k**2 + 158*k - 2. What is the hundreds digit of f(-15)?
3
Suppose -5*t + 565 = -1565. Suppose 0*c - 6*c + t = 0. What is the tens digit of c?
7
Suppose -6 = -5*m - 1, -m = 3*o + 371. What is the tens digit of (o/(-16))/(1/12)?
9
Suppose -4*n - 5*n - 108 = 0. What is the units digit of ((-886)/n - (-22)/33)*2?
9
Let c(d) = -d**3 + 7*d**2 - 4*d - 5. Let s be c(5). Suppose t + s = 6*t. Suppose l + t = 18. What is the units digit of l?
3
What is the units digit of ((-78)/2)/(-3*3/42)?
2
What is the tens digit of 1/(-3)*-2643 - (-15)/3?
8
Let z = 435 - 57. What is the tens digit of z?
7
Suppose 15*l - 3352 = 8258. What is the tens digit of l?
7
Suppose 49*x - 7*x = 51618. What is the hundreds digit of x?
2
Suppose 19*l = -27*l + 6440. What is the tens digit of l?
4
Let g = -64 + 130. Suppose -s = 3*s. Suppose -3*t + g = -s*t. What is the tens digit of t?
2
Let v(u) = -u**2 - 15*u - 22. Let p be v(-13). Suppose 2*g = 2*y + p*g - 156, -5*y + 5*g = -410. What is the units digit of y?
0
Suppose -1 = 4*s + z - 15, 0 = -5*z - 10. Suppose -2*q = 5*u - 404 + 30, s*q + 392 = 5*u. What is the units digit of u?
6
Let g be 734*(28/(-8) - -5). Suppose 0 = -5*z + g + 99. What is the hundreds digit of z?
2
Let r = -2275 - -3206. What is the tens digit of r?
3
Let y be ((-976)/(-12))/(4/6). Suppose 2*i + y = 3*n, -n = -0*n + i - 34. Let v = -20 + n. What is the tens digit of v?
1
Let q be 1/2 + (-28)/(-8). Suppose -q*n + n = -30. What is the tens digit of n?
1
Let i be 48/22 - (-12)/(-66). Suppose -3*d + 2*r + 149 = 0, -48 = -i*d + d - r. What is the units digit of d?
9
Suppose -78*r + 109331 = -62425. What is the thousands digit of r?
2
Let w be 39/26 - (-3)/(-2). Suppose y + 2*y - 6 = w. What is the units digit of y?
2
Suppose 2*i = 4*w + 100, 0 = 2*w + 2*i + 3*i + 62. What is the units digit of ((-8)/10)/(w/2405)?
4
Suppose 0 = -r + 60 + 88. Suppose 3*h + 2*d = 140, -3*h - 2*d = -6*h + r. What is the tens digit of h?
4
Let p be -20*(44/(-16) + 2). Let d be (-20)/3*(-36)/p. Let o(m) = -m**3 + 16*m**2 + 5*m - 23. What is the units digit of o(d)?
7
Let o = -648 - -1592. Suppose 0*l + 3*l - 4*r - o = 0, 2*l - 2*r - 630 = 0. What is the hundreds digit of l?
3
Let t be 40/(-6)*567/(-14). Let d = t + -184. What is the units digit of d?
6
Let c(v) = 3*v**2 + 8*v - 23. What is the tens digit of c(-7)?
6
Suppose 0 = -212*f + 191*f + 483. What is the tens digit of f?
2
What is the tens digit of (258/(-2))/(4/(-12))?
8
Suppose 0 = -4*n - 0*n + 280. Let a = -40 + n. Let x = -13 + a. What is the units digit of x?
7
Let d(r) be the first derivative of 4*r**2 + r + 18. What is the tens digit of d(4)?
3
Let q be (9 + -8)/((6/(-442))/(-3)). Suppose -3*d = 2*w - q, w + 3*d = 127 - 24. What is the units digit of w?
8
Let d = 191 + 102. What is the units digit of d?
3
Suppose -g = -3*g - 4. What is the hundreds digit of ((-76)/(-2))/(g/(-12))?
2
Let b(i) = 16*i**2 - 4*i - 5. Let c(q) = -q**2 + q + 1. Let z(h) = b(h) + 6*c(h). Let s be (4/(-8))/(2/(-8)). What is the units digit of z(s)?
5
Let a(x) = -3*x**3 + x**2 + x. Let w be a(-1). Suppose w*z + z = 4*h - 20, 3*z = -3. Suppose 3*b - h*p = 74, -38 = -b - 0*p - 2*p. What is the units digit of b?
0
Suppose -4*k - 2*w = -13984, -18*w + 22*w = 2*k - 7002. What is the tens digit of k?
9
Let q be 0/(-3)*(-5)/10. Suppose 2*j - 2*x - 6 = -q*x, 3 = -j + 4*x. Suppose -3*z = -j*z + 58. What is the tens digit of z?
2
Let r(a) = -a**3 - 3*a**2 - 3*a - 3. Let o be r(-3). Let c(k) = 6*k + 8. What is the tens digit of c(o)?
4
Suppose -3*z + 5*g = -2223, -1029 = -2*z - 5*g + 453. What is the hundreds digit of z?
7
What is the tens digit of (-12)/(-30)*(-5)/(-2) - -141?
4
Let z(n) = -n**3 - 12*n**2 + n + 12. Let f be z(-12). Let b(h) = -h + 7. Let d be b(f). Suppose y - d = -4. What is the units digit of y?
3
Suppose 412*t + 4085 = 417*t. What is the hundreds digit of t?
8
Let h(k) be the first derivative of -2*k**3/3 - 6*k**2 - 8*k - 4. Let w(q) = 3*q**2 + 24*q + 15. Let d(y) = -5*h(y) - 3*w(y). What is the tens digit of d(14)?
2
Let f = -12 - -17. Suppose -f*y + 144 = 14. Let m = -11 + y. What is the tens digit of m?
1
Let g = 18 + -15. Let v be 0/(2 + g - 2). What is the tens digit of 46 + (-1 - -2) - v?
4
What is the hundreds digit of 6/(-81) - 411296/(-432)?
9
Let k be (1 + -5)*(-5)/2. Suppose 7*r - 2*r = k. What is the units digit of (r - 3)/((-3)/9)?
3
Suppose 0 = 11*c - 6*c - 15. Suppose 0*l + 195 = c*l. What is the tens digit of l?
6
Suppose 5*t + 0 - 5 = 0. Let i(j) = 25*j. Let s be i(t). Let b = -10 + s. What is the units digit of b?
5
Let v = -1 - -5. Let h be v - (0 - 609)/3. Suppose -5*x + 93 = -h. What is the units digit of x?
0
Let h(o) = 15 - 3 + o**2 + 3*o - o. What is the units digit of h(-5)?
7
Let x = 318 + 197. What is the units digit of x?
5
Let n be 40/6 + 10/(-15). Suppose 3*u = -4*a + 24, 4*u - n*a = -5*a + 13. Suppose 2*z + u*q = 40, -5*z - 5*q = -z - 80. What is the units digit of z?
0
Suppose 0 = -8*g + 4213 - 101. What is the hundreds digit of g?
5
Let f = -1225 + 2397. What is the units digit of f?
2
Suppose 1253*z = 1260*z - 13832. What is the units digit of z?
6
Suppose -129 + 33 = 4*o. Let n = o + 38. What is the tens digit of n?
1
Suppose -5*v + 95 - 365 = 0. Let i = -133 + 232. Let c = i + v. What is the tens digit of c?
4
What is the units digit of -2258*(-2 - -1)*27/54?
9
Let p = -35 + 38. Suppose 5*x = -2*i + 775, 4*i = -p*x + 15 + 436. Suppose x + 19 = 4*a. What is the tens digi